{"id":580,"date":"2023-12-19T08:40:04","date_gmt":"2023-12-19T06:40:04","guid":{"rendered":"https:\/\/nyholmsolutions.fi\/?page_id=580"},"modified":"2024-01-01T09:43:15","modified_gmt":"2024-01-01T07:43:15","slug":"lediga-jobb-programutvecklare","status":"publish","type":"page","link":"https:\/\/nyholmsolutions.fi\/index.php\/lediga-jobb-programutvecklare\/","title":{"rendered":"Lediga jobb &#8211; Programutvecklare"},"content":{"rendered":"<p>[et_pb_section fb_built=&#8221;1&#8243; _builder_version=&#8221;4.6.1&#8243; _module_preset=&#8221;default&#8221;][et_pb_row _builder_version=&#8221;4.6.1&#8243; _module_preset=&#8221;default&#8221;][et_pb_column type=&#8221;4_4&#8243; _builder_version=&#8221;4.6.1&#8243; _module_preset=&#8221;default&#8221;][et_pb_text _builder_version=&#8221;4.6.1&#8243; _module_preset=&#8221;default&#8221;]<\/p>\n<h3><strong>Programutvecklare<\/strong><\/h3>\n<p><strong><\/strong><\/p>\n<p><strong><\/strong><\/p>\n<div>\n<div>\n<p>Vi ut\u00f6kar nu v\u00e5rt team med en programutvecklare som har erfarenhet av att arbeta med Symfony eller liknande MVC-ramverk. I denna roll kommer du att spela en viktig roll i v\u00e5rt utvecklingsteam, d\u00e4r du bidrar till att skapa och f\u00f6rb\u00e4ttra innovativa programl\u00f6sningar som m\u00f6ter v\u00e5ra kunders behov.<br \/><span style=\"font-size: 14px;\">\u00a0<\/span><\/p>\n<\/div>\n<div><\/div>\n<div><strong>Huvudsakliga arbetsuppgifter:<\/strong><\/div>\n<ul>\n<li>Utveckla och underh\u00e5lla applikationer genom att anv\u00e4nda Symfony.<\/li>\n<li>Samarbeta n\u00e4ra med teamet f\u00f6r att designa, utveckla och implementera nya funktioner och f\u00f6rb\u00e4ttringar.<\/li>\n<li>Skriva ren, v\u00e4lstrukturerad och effektiv kod.<\/li>\n<li>Arbeta tillsammans med projektledare och andra teammedlemmar f\u00f6r att s\u00e4kerst\u00e4lla att projekt levereras i tid och med h\u00f6g kvalitet.<\/li>\n<\/ul>\n<div><\/div>\n<div><strong>Kvalifikationer:<\/strong><\/div>\n<ul>\n<li>Relevant h\u00f6gskoleutbildning eller motsvarande praktisk erfarenhet.<\/li>\n<li>Erfarenhet av programutveckling, med fokus p\u00e5 Symfony eller liknande MVC-ramverk.<\/li>\n<li>Stark f\u00f6rst\u00e5else f\u00f6r objektorienterad programmering och mjukvaruarkitektur.<\/li>\n<li>Erfarenhet av att arbeta i agila utvecklingsmilj\u00f6er.<\/li>\n<li>Stark probleml\u00f6sningsf\u00f6rm\u00e5ga och praktisk f\u00f6rst\u00e5else f\u00f6r att omvandla projektbehov till kod.<\/li>\n<\/ul>\n<div><\/div>\n<div><strong>Vi erbjuder:<\/strong><\/div>\n<ul>\n<li>En stimulerande och utmanande roll i ett f\u00f6retag som \u00e4r i en expansiv fas.<\/li>\n<li>En kreativ och nyskapande arbetsmilj\u00f6 d\u00e4r dina id\u00e9er och initiativ uppmuntras och uppskattas.<\/li>\n<li>M\u00f6jlighet till professionell utveckling och karri\u00e4rtillv\u00e4xt.<\/li>\n<li>Flexibla arbetstider.<\/li>\n<\/ul>\n<div><\/div>\n<div><strong><\/strong><\/div>\n<div><strong><\/strong><\/div>\n<div><strong><\/strong><\/div>\n<div>Nyholm Solutions, baserat i Jakobstad, \u00e4r ett f\u00f6retag som fokuserar p\u00e5 utveckling av skr\u00e4ddarsydda programl\u00f6sningar f\u00f6r f\u00f6retag. Vi kombinerar teknisk kompetens med en f\u00f6rst\u00e5else f\u00f6r v\u00e5ra kunders unika behov, vilket m\u00f6jligg\u00f6r skapandet av effektiva och anv\u00e4ndarv\u00e4nliga l\u00f6sningar. En av v\u00e5ra nyckelprodukter \u00e4r TROLLE, en programl\u00f6sning som du kommer att ha en central roll i att arbeta med. Genom TROLLE str\u00e4var vi efter att erbjuda v\u00e5ra kunder verktyg som f\u00f6rb\u00e4ttrar deras aff\u00e4rsprocesser, vilket g\u00f6r det till en viktig del av v\u00e5rt erbjudande och din framtida arbetsuppgift.<br \/><strong><span><br \/><\/span><\/strong><\/div>\n<div><strong><\/strong><\/div>\n<div><strong>Ans\u00f6kan:<\/strong><\/div>\n<div>Skicka din ans\u00f6kan samt CV till ns@nyholmsolutions.fi. Ange &#8221;Programutvecklare&#8221; som \u00e4mne. Sista ans\u00f6kningsdag \u00e4r 8.1.2024. F\u00f6r fr\u00e5gor om tj\u00e4nsten, kontakta Andreas Nyholm p\u00e5 050-505 1080 eller andreas.nyholm@nyholmsolutions.fi. Vi ser fram emot din ans\u00f6kan!<\/div>\n<\/div>\n<p>[\/et_pb_text][\/et_pb_column][\/et_pb_row][\/et_pb_section]<\/p>\n","protected":false},"excerpt":{"rendered":"<p>[et_pb_section fb_built=&#8221;1&#8243; _builder_version=&#8221;4.6.1&#8243; _module_preset=&#8221;default&#8221;][et_pb_row _builder_version=&#8221;4.6.1&#8243; _module_preset=&#8221;default&#8221;][et_pb_column type=&#8221;4_4&#8243; _builder_version=&#8221;4.6.1&#8243; _module_preset=&#8221;default&#8221;][et_pb_text _builder_version=&#8221;4.6.1&#8243; _module_preset=&#8221;default&#8221;] Programutvecklare Vi ut\u00f6kar nu v\u00e5rt team med en programutvecklare som har erfarenhet av att arbeta med Symfony eller liknande MVC-ramverk. I denna roll kommer du att spela en viktig roll i v\u00e5rt utvecklingsteam, d\u00e4r du bidrar till att skapa och f\u00f6rb\u00e4ttra innovativa programl\u00f6sningar som [&hellip;]<\/p>\n","protected":false},"author":1,"featured_media":0,"parent":0,"menu_order":0,"comment_status":"closed","ping_status":"closed","template":"","meta":{"_et_pb_use_builder":"on","_et_pb_old_content":"","_et_gb_content_width":""},"_links":{"self":[{"href":"https:\/\/nyholmsolutions.fi\/index.php\/wp-json\/wp\/v2\/pages\/580"}],"collection":[{"href":"https:\/\/nyholmsolutions.fi\/index.php\/wp-json\/wp\/v2\/pages"}],"about":[{"href":"https:\/\/nyholmsolutions.fi\/index.php\/wp-json\/wp\/v2\/types\/page"}],"author":[{"embeddable":true,"href":"https:\/\/nyholmsolutions.fi\/index.php\/wp-json\/wp\/v2\/users\/1"}],"replies":[{"embeddable":true,"href":"https:\/\/nyholmsolutions.fi\/index.php\/wp-json\/wp\/v2\/comments?post=580"}],"version-history":[{"count":16,"href":"https:\/\/nyholmsolutions.fi\/index.php\/wp-json\/wp\/v2\/pages\/580\/revisions"}],"predecessor-version":[{"id":606,"href":"https:\/\/nyholmsolutions.fi\/index.php\/wp-json\/wp\/v2\/pages\/580\/revisions\/606"}],"wp:attachment":[{"href":"https:\/\/nyholmsolutions.fi\/index.php\/wp-json\/wp\/v2\/media?parent=580"}],"curies":[{"name":"wp","href":"https:\/\/api.w.org\/{rel}","templated":true}]}}